12). Let s = 204 - a. Is s a composite number?
False
Suppose -r + 50071 = -3*t + 2239037, 4*t + 5*r - 2918615 = 0. Is t a prime number?
False
Suppose 4*m = 2*p + 245824, -2*m + 9*p = 11*p - 122930. Is m composite?
True
Let u(d) = -30*d + 119. Let a be u(8). Let l = a - -176. Is l a composite number?
True
Let p(w) = -760*w - 334. Is p(-6) a composite number?
True
Let d = -28466 - -50727. Is d prime?
False
Suppose -2*s - 2*n + 7145 - 825 = 0, 4*s - 3*n - 12647 = 0. Suppose -t = -2*q - 1057, 5*t + 4*q - s = 2*t. Is t composite?
True
Suppose 3*c + 4*y - 13368 = y, 5*c + 3*y = 22280. Let g be 2*((-22)/(-33) - c/6). Let q = -333 - g. Is q a prime number?
True
Let i be (-76)/(-8) - 3/(-6). Suppose i*h + 9 = 13*h. Suppose h*f - 3 - 6 = 0, -3*f + 724 = 5*c. Is c a composite number?
True
Is 1 + 4/2 + (-330)/(-90)*86610 a prime number?
False
Suppose -2*t = -4*k + k + 4265, -4*t + 3*k - 8521 = 0. Suppose 0 = 3*h - a + 9514, 3*h + 5*a = 8*h + 15860. Let w = t - h. Is w composite?
True
Let x = -19163 + 382758. Is x a prime number?
False
Suppose 5*j = -4*w + 43958, 2*w - 26374 = 3*j - 6*j. Is j/5 + (-1 - -2) prime?
True
Let c = 243 + -250. Let k(g) = -5*g**3 - 5*g**2 - 10*g + 21. Is k(c) composite?
True
Suppose 14 = 4*o - 6. Let t be 12671 + 4/(-4)*o. Suppose p = -p + t. Is p a prime number?
False
Let k = -22 - -22. Suppose 3*c - 9 = k, -5*d + 4*c = -c - 52930. Is d a prime number?
True
Suppose 5*i = 5*v + 160, 0 = -5*i - 5*v + 58 + 62. Is (-182960)/(-35) - 12/i a prime number?
True
Is (152369/(-2))/(27/(-54)) prime?
False
Suppose -o = -2*h + 10, -h - 4*o - 2 - 11 = 0. Suppose 0 = h*c + u - 24146, 4*c - 32213 = -5*u - 0*u. Is c prime?
False
Is 261159 + 16/(-36)*((-5)/2 - -7) prime?
False
Let x(d) be the second derivative of -211*d**3/3 + 61*d**2/2 - 16*d + 2. Is x(-11) a composite number?
False
Suppose 3*m + 5*v = 1163, -2*m - 2*v + 5*v = -788. Is m*(-5 + (-24)/(-4)) composite?
True
Let p(a) = 1632*a + 35. Let s be p(4). Suppose r = -4, f - 8*r = -4*r + s. Is f prime?
True
Suppose -7*w - 14*w + 1487719 = -2*w. Is w prime?
True
Let g = 4205 + 22993. Suppose -g = -24*u + 18*u. Is u prime?
False
Let k(n) = -n**3 + 13*n**2 + 20*n + 9. Let p be k(12). Suppose 3*c = 2*r + 1233, -p = -2*c - 4*r + 445. Is c a composite number?
True
Suppose 3529*l - 3542*l = -2728219. Is l composite?
True
Let n(x) = -x**3 - 5*x**2 + 3*x + 17. Let i be n(-7). Let l = i + -63. Suppose 14*m - 15*m = -l. Is m prime?
True
Is 356262/(-8)*420/(-315) composite?
False
Let x be (-1)/(-4) - 261/36. Let a(n) = 13*n**2 + 5*n - 21. Let o(b) = 14*b**2 + 6*b - 23. Let h(g) = 6*a(g) - 5*o(g). Is h(x) a composite number?
True
Suppose -95582 = -k + 938751. Is k a prime number?
False
Suppose -10 = -5*h - 0. Suppose -59*l + 13 = y - 64*l, -5*y = -2*l - 19. Suppose h*m - 611 = -y*k, -3*k - 5 + 2 = 0. Is m prime?
True
Suppose 0 = 4*i - o - 130689 + 23395, 3*o = -5*i + 134092. Is i prime?
False
Suppose -32012 = -9*h + 84151. Let c = h - 7736. Is c a prime number?
True
Let j be 6/(-5)*10/(-3). Let c be ((-336)/756)/(4/(-4518)). Suppose -j*q + 2*q = -c. Is q a prime number?
True
Suppose 0 = 3*c + 6, 5*t - 5*c = -4 + 99. Suppose -14999 = -5*w - k, -t*k + 15*k = -w + 2991. Is w a prime number?
True
Let u = 14889 + 17362. Is u prime?
True
Suppose 9*m - 6*m = -99. Let w = 34 + m. Let v(q) = 308*q**3 - q**2. Is v(w) a composite number?
False
Suppose 57*g = -50*g + 16103179. Is g a prime number?
True
Let t(q) be the second derivative of -q**4/12 - q**3/6 - 24*q. Let p(y) = 52*y**2 - 15*y - 3. Let z(d) = p(d) - 6*t(d). Is z(4) composite?
True
Let a = 135 - 141. Let b(m) = 11*m**2 + 22*m - 7. Is b(a) prime?
True
Let j = -306 - -308. Suppose -2*y - j*g = -29948, 4*y - 59871 = -g + 2*g. Is y prime?
True
Let u(w) = 2796*w + 535. Is u(3) prime?
True
Suppose 22*n + 3*w + 155053 = 27*n, -4*w - 93023 = -3*n. Is n a prime number?
True
Let a = 6347 + -9738. Is 2*(-6 + 5) - a a composite number?
False
Let d = -11 - -31. Let y be (0 + d/(-6))/(4/(-144)). Let c = y - 58. Is c a prime number?
False
Let i(y) = 8083 + 25*y + 10*y + 2*y. Is i(0) a prime number?
False
Let w be 6362 - ((-100)/(-60) - 2/3). Let q = -3954 + w. Is q composite?
True
Let y be 590202/45*(-5)/2. Let h = y + 47532. Is h prime?
False
Suppose -1 = 3*q + 17. Let x(t) be the second derivative of -25*t**3/6 - 7*t**2/2 - 8*t. Is x(q) a composite number?
True
Suppose 30*v - 27*v = 3*g - 251982, v = -3*g + 252002. Is g prime?
False
Let l = 491 - 218. Let z(b) = -b**3 - 6*b**2 + 7*b + 6. Let w be z(-9). Let g = l - w. Is g prime?
False
Suppose 5*s - 64250 = 5*p, -2*p + 9796 = s - 3063. Is s a prime number?
True
Suppose 2*x + 12248771 = 5*l, -x + 4899521 = -0*l + 2*l. Is l a composite number?
False
Is 14/42*-39849*(-2)/2 a prime number?
False
Suppose t - 4*w - 470 - 710 = 0, -2*w = -5*t + 5900. Let f = 639 + t. Is f a composite number?
True
Suppose -4*w - 96*p - 510 = -101*p, -w + 4*p = 122. Is (-507890)/w - 10/(-65) composite?
False
Is (5947371/108)/(6/24) composite?
True
Let u = 43018 - 28276. Suppose -2*n - u = -9*n. Suppose -n = -4*p - s, -4*p = -5*s + 1452 - 3546. Is p composite?
True
Suppose v + 24 = 4*x, -4*x = -2*v - 5*x - 3. Is v*6247*2*(-20)/160 a composite number?
False
Suppose -5*f - 14*w = 2*w - 1460137, w + 1460188 = 5*f. Is f composite?
False
Let g = 377986 + 312541. Is g composite?
True
Suppose 41*s - 627630 = 2161032 - 366833. Is s a prime number?
True
Suppose 5*k - 3*k = -366. Let g = -56 - k. Is g prime?
True
Let y be (-1)/3*0*1/(-2). Suppose -2*p - 5*s + 3787 = -5060, -5*p + 5*s + 22135 = y. Is p a prime number?
False
Let o = 21 + -16. Let m be 4 - o/((-5)/(-2)). Suppose m*j - 815 = j. Is j a composite number?
True
Let l(t) = 30 + t - 59 + 30. Let y be l(1). Suppose 1117 = 3*m - 2*c, m - 122 = -y*c + 245. Is m composite?
True
Let j = -338 - -410. Is 9/j - ((-168604)/32 - 4) composite?
False
Suppose 53*d = -2*d + 2483745. Is d composite?
True
Suppose -12 = -4*f - 2*z, -5*f + 2*z + 3*z = -45. Suppose -2*t = 2*r - 4836, f*t - 5645 = -2*r - 824. Is r a prime number?
True
Let u(j) = 271 - 22*j + 6*j**2 - 68 - 73 - 73 - 70. Is u(-20) a composite number?
True
Let p(v) = 239*v**2 - 16*v - 2904. Is p(-41) a prime number?
False
Suppose 4*g + 4*l = -0*l - 24, -g + l = 4. Let j(m) = -m**3 - 4*m**2 + 4*m - 5. Let w be j(g). Suppose -b + 10 + 105 = w. Is b composite?
True
Let l(t) = -7*t**3 + 24*t**2 - 11*t. Let o be l(3). Let u(w) be the first derivative of -9*w**4/4 + w**3/3 - 7*w**2 - 11*w - 1. Is u(o) prime?
True
Let s be (1/2)/(7/280*5). Suppose 2*f - 1900 = -2*b, 0 = 5*b + 11 + s. Is f prime?
True
Suppose -5*n = 2*h - 123462, -h + 10*n - 13*n = -61729. Is h composite?
True
Let l = 115 + -135. Let m(h) = -4*h**2 - 17*h + 64. Let a be m(l). Let b = a - -2097. Is b a composite number?
True
Let a be -364 + 4/(-4)*-2. Let z be 1/(-2)*527*-2. Let k = z - a. Is k a prime number?
False
Is ((-2426652)/(-135) + 27)/((-2)/20*-2) a prime number?
True
Suppose -3*y = -4*q - 13, 6*q - 9 = -4*y + 3*q. Suppose 2254 = y*v - 22169. Is v composite?
True
Suppose 4*r = q - 93 + 487, -3*r + 288 = 3*q. Let g = 93 - r. Let c(l) = -42*l - 31. Is c(g) composite?
False
Is ((-370)/111)/(2/(-131799)) a composite number?
True
Let s be 14/5*(-14 - -7469). Suppose 3*u - 5*z + 5430 - s = 0, -4*u + 20603 = -3*z. Is u a composite number?
False
Let a(y) = 2*y**2 - 12*y - 13. Let q be a(7). Is 12758/10 + q - 31/(-155) prime?
True
Suppose -10*n = -2*q - 13*n - 35026, 52513 = -3*q + 2*n. Let r = -9964 - q. Is r composite?
True
Let t = 78414 + -27955. Is t prime?
True
Suppose -55*n + 57*n = -3*a + 25543, -a = -3*n - 8540. Is a composite?
True
Let w(d) = -3878*d - 252. Let q be w(4). Let z = q + 26121. Is z a composite number?
False
Let h(x) = 4*x**2 - 6*x**2 + 165*x**3 - 190*x**3 - 7 + 13*x**2 + 26*x. Is h(-5) a composite number?
True
Let x = 13 - 2. Let d be 1958/(2 - (-64)/(-36)). Suppose x*y - d = 4532. Is y a prime number?
True
Let q(i) = -82*i + 8528. Let h be q(104). Let a(s) = 71*s**2 - 3*s - 2. Let u be a(5). Suppose 5*y + y - u = h. Is y composite?
False
Suppose -2*f - 2*w + 248568 = 0, 100*w = 2*f + 96*w - 248526. Is f prime?
True
Suppose -16*w + 3*h = -18*w + 871805, -4*h = -3*w + 1307631. Is w a prime number?
True
Let z = 91656 + -47125. Is z composite?
False
Suppose 2*o = 7*o + 2